e factors of 75943337?
97, 782921
What are the prime factors of 1101608850?
2, 3, 5, 223, 32933
What are the prime factors of 37428738?
2, 3, 6238123
What are the prime factors of 512078825?
5, 20483153
List the prime factors of 161521994.
2, 1439, 56123
List the prime factors of 1264745304.
2, 3, 17565907
List the prime factors of 5164471681.
19, 23, 199, 59387
What are the prime factors of 4704020314?
2, 7, 4159, 80789
What are the prime factors of 59933505?
3, 5, 19, 113, 1861
List the prime factors of 219426855.
3, 5, 14628457
What are the prime factors of 6767126988?
2, 3, 37, 61, 249857
List the prime factors of 110060539.
29, 487, 7793
List the prime factors of 942816009.
3, 1291, 243433
What are the prime factors of 1689278262?
2, 3, 7, 149, 269939
List the prime factors of 2532755891.
53, 101, 473147
List the prime factors of 491584549.
19, 2039, 12689
List the prime factors of 98656661.
17, 313, 18541
What are the prime factors of 1475179815?
3, 5, 98345321
What are the prime factors of 213894949?
79, 137, 19763
What are the prime factors of 195987321?
3, 47, 59, 7853
List the prime factors of 84206398.
2, 42103199
What are the prime factors of 20063100?
2, 3, 5, 66877
What are the prime factors of 150786106?
2, 75393053
List the prime factors of 116481713.
116481713
What are the prime factors of 127152759?
3, 449, 94397
What are the prime factors of 4376039349?
3, 11, 593, 223621
List the prime factors of 44902607.
53, 847219
List the prime factors of 1754692954.
2, 7, 23, 5449357
What are the prime factors of 426679160?
2, 5, 47, 73, 3109
List the prime factors of 5814730.
2, 5, 581473
What are the prime factors of 1545738942?
2, 3, 11, 137, 15541
List the prime factors of 66393074.
2, 11, 3017867
List the prime factors of 49786304.
2, 777911
What are the prime factors of 553898791?
553898791
What are the prime factors of 2578533681?
3, 19, 3917, 11549
What are the prime factors of 4405607164?
2, 7, 157343113
List the prime factors of 212587548.
2, 3, 883, 20063
What are the prime factors of 25233180?
2, 3, 5, 7, 73, 823
List the prime factors of 791989542.
2, 3, 14666473
What are the prime factors of 559185020?
2, 5, 113, 181, 1367
What are the prime factors of 162757991?
11, 14796181
What are the prime factors of 145667389?
7, 79, 241, 1093
What are the prime factors of 51372435?
3, 5, 83, 41263
List the prime factors of 2425099535.
5, 53, 9151319
What are the prime factors of 336255423?
3, 7, 23, 696181
What are the prime factors of 1311906977?
30637, 42821
What are the prime factors of 2004101719?
173, 251, 46153
List the prime factors of 3244533.
3, 673, 1607
What are the prime factors of 3773833965?
3, 5, 11, 7623907
List the prime factors of 191269798.
2, 37, 1259, 2053
What are the prime factors of 3798729212?
2, 31, 41, 24103
What are the prime factors of 781387924?
2, 23, 2141, 3967
List the prime factors of 241141886.
2, 3169, 38047
What are the prime factors of 32646633?
3, 10882211
List the prime factors of 200672649.
3, 1747, 12763
List the prime factors of 43666115.
5, 17, 513719
What are the prime factors of 48381699?
3, 73, 173, 1277
What are the prime factors of 48795056?
2, 1283, 2377
What are the prime factors of 23778849?
3, 23, 344621
List the prime factors of 5716999.
41, 139439
List the prime factors of 85282715.
5, 7, 71, 34319
List the prime factors of 584503694.
2, 292251847
What are the prime factors of 12517071?
3, 7, 719, 829
List the prime factors of 19602854.
2, 23, 47, 9067
What are the prime factors of 423212956?
2, 37, 983, 2909
What are the prime factors of 3539518180?
2, 5, 11, 16088719
What are the prime factors of 57947261?
647, 89563
List the prime factors of 1231395539.
11, 1061, 105509
List the prime factors of 1030380645.
3, 5, 7, 9813149
What are the prime factors of 46208858?
2, 241, 95869
List the prime factors of 19581054.
2, 3, 3263509
What are the prime factors of 448447659?
3, 11, 37, 173, 193
List the prime factors of 326230412.
2, 81557603
List the prime factors of 71190322.
2, 7, 17, 31, 9649
List the prime factors of 25627357.
7, 137, 26723
What are the prime factors of 50796077?
269, 188833
What are the prime factors of 1509096479?
11, 8263, 16603
List the prime factors of 7355083745.
5, 17, 53, 1632649
What are the prime factors of 6607759?
103, 64153
List the prime factors of 78636542.
2, 97, 405343
What are the prime factors of 90407660?
2, 5, 7, 439, 1471
List the prime factors of 89549865.
3, 5, 43, 46279
What are the prime factors of 31525492?
2, 7881373
List the prime factors of 32727948.
2, 3, 11, 247939
What are the prime factors of 7208666?
2, 137, 26309
What are the prime factors of 67737853?
67737853
List the prime factors of 61549900.
2, 5, 71, 8669
List the prime factors of 2507548399.
17, 147502847
List the prime factors of 41498725.
5, 307, 5407
List the prime factors of 112283770.
2, 5, 349, 32173
What are the prime factors of 1551338497?
1551338497
What are the prime factors of 58045617?
3, 7, 29, 31771
What are the prime factors of 350498491?
7, 19, 131, 20117
List the prime factors of 12393998.
2, 6196999
What are the prime factors of 2835494968?
2, 5701, 62171
What are the prime factors of 162455004?
2, 3, 31, 48523
What are the prime factors of 20884682?
2, 7, 13, 97
List the prime factors of 15613360.
2, 5, 7, 569
What are the prime factors of 928855186?
2, 7, 101, 199, 3301
What are the prime factors of 8860411?
7, 1061, 1193
What are the prime factors of 3475249888?
2, 11, 17, 580757
List the prime factors of 2032374307.
2032374307
List the prime factors of 497281609.
11, 45207419
What are the prime factors of 355089282?
2, 3, 29, 2040743
List the prime factors of 257951388.
2, 3, 2837, 7577
What are the prime factors of 615651959?
13, 3642911
What are the prime factors of 197734888?
2, 13, 17, 97, 1153
List the prime factors of 19819483.
19819483
List the prime factors of 94203242.
2, 7, 163, 41281
List the prime factors of 328767050.
2, 5, 6575341
List the prime factors of 69805527.
3, 11, 2115319
List the prime factors of 1164786329.
7, 166398047
What are the prime factors of 4208442466?
2, 107, 683, 28793
What are the prime factors of 145593786?
2, 3, 13, 43, 83, 523
What are the prime factors of 1537488157?
29, 2137, 24809
List the prime factors of 34969068.
2, 3, 17, 57139
List the prime factors of 7036075.
5, 431, 653
What are the prime factors of 231457435?
5, 11, 1613, 2609
List the prime factors of 46850466.
2, 3, 13, 19, 101, 313
List the prime factors of 165971215.
5, 33194243
List the prime factors of 49724452.
2, 67, 185539
List the prime factors of 41658501.
3, 41, 338687
List the prime factors of 1573057062.
2, 3, 643, 135913
What are the prime factors of 1194637833?
3, 37, 89, 173, 233
List the prime factors of 8561027337.
3, 43, 66364553
What are the prime factors of 80346110?
2, 5, 13, 31, 19937
List the prime factors of 192149276.
2, 11, 4367029
List the prime factors of 2675537.
41, 65257
What are the prime factors of 1619933035?
5, 7, 67, 283, 2441
What are the prime factors of 540555325?
5, 21622213
What are the prime factors of 1424692882?
2, 712346441
What are the prime factors of 265486926?
2, 3, 17, 47, 79, 701
List the prime factors of 99840477.
3, 11, 659, 4591
List the prime factors of 3206294706.
2, 3, 1303, 410117
What are the prime factors of 601859920?
2, 5, 79, 95231
What are the prime factors of 42298729?
11, 1039, 3701
What are the prime factors of 1168659709?
7, 166951387
List the prime factors of 3290805204.
2, 3, 47, 127, 45943
List the prime factors of 12005624.
2, 1500703
List the prime factors of 215805764.
2, 47, 1147903
List the prime factors of 2835197789.
29, 97765441
List the prime factors of 202049370.
2, 3, 5, 748331
List the prime factors of 1074082.
2, 537041
What are the prime factors of 82667867?
82667867
List the prime factors of 1865126985.
3, 5, 124341799
List the prime factors of 194619276.
2, 3, 5406091
What are the prime factors of 4246294677?
3, 37, 43, 113, 7873
List the prime factors of 177712555.
5, 107, 353, 941
List the prime factors of 1451967575.
5, 23, 2525161
What are the prime factors of 30728993?
4919, 6247
List the prime factors of 7683593328.
2, 3, 53358287
List the prime fac